ite?
False
Let u be 8943/(-22)*(-8)/(-6). Let h = -331 - u. Is h a composite number?
False
Suppose 42*c = -4*c + 210818. Is c a prime number?
True
Let z be 330/(-20)*(-124)/3. Suppose -882 = -3*s + 3*i, -4*s + z = 4*i - 486. Is s a prime number?
True
Let s(w) = 2*w**2 - 2*w**2 + 0*w**2 + 2*w + 11 - w**2. Let z be s(5). Let m = z - -23. Is m composite?
False
Let p be -28 + 29 - (-1582)/(-2). Let d = 1293 + p. Is d a composite number?
False
Let a(k) = -73*k + 156. Is a(-5) a prime number?
True
Suppose u - 1407 = 4*i, 7*i + 5598 = 4*u + 6*i. Is u composite?
False
Let v be (-39)/(-12) - 3/12. Suppose 0 = v*g - 298 - 1601. Is g a prime number?
False
Let d(h) be the first derivative of -21*h**2 - 7*h + 9. Is d(-9) composite?
True
Suppose 0 = -2*n - 2*n + 4*y + 7096, -5*y - 3545 = -2*n. Let d be n + (1 - (-1 - 1)). Suppose -f + 5*u + 373 = 0, d = 4*f + f + 4*u. Is f a composite number?
True
Let k(d) = -144*d**3 + 11*d**2 - 12*d - 45. Is k(-4) prime?
False
Suppose g - 37 = 57. Suppose q - f - g = 0, -q - f = -76 - 22. Suppose 99 + q = 5*u. Is u prime?
False
Suppose -7*s - 15932 = -94941. Is s a composite number?
False
Let j = -14649 - -26408. Suppose j = 4*r + s, -2*s + 11969 = 4*r + 207. Is r a composite number?
False
Is 1*((-6445)/(-7) - (-4)/14) a prime number?
False
Let p be 58/5 - 8/(-20). Let k be (-2385)/(-25) + ((-13)/(-5) - 3). Let i = k - p. Is i composite?
False
Let r = 49 + -29. Suppose -j - r - 10 = 0. Is (-10)/j - (-200)/3 prime?
True
Let p = 132 + -128. Suppose p*s - 1014 = -2*o + 626, -4*o = -5*s + 2037. Is s prime?
True
Is -1*-1*(-180028)/(-4) prime?
True
Suppose -16*q - 12*q + 575764 = 0. Is q prime?
True
Let i(v) = 4*v + 22. Let j be i(-7). Is 7281/27 + 4/j composite?
False
Let g be (60/(-70))/((-1)/5936). Let u be 4/10 + g/30. Let i = -103 + u. Is i a composite number?
False
Let x be (-4)/6 - (-48)/18. Suppose -2064 = -4*n + 3*p, -p - 1032 = -x*n + 2*p. Let t = -97 + n. Is t a composite number?
False
Let w = -42 + 247. Suppose -w = -3*g - 40. Is g prime?
False
Let n = 70554 + -19325. Is n a prime number?
True
Suppose -5*j + 2 = -3*j. Is ((-1986)/12)/(j/(-4)) a composite number?
True
Suppose -b + 101 = 3*r, 4*r + b - 133 = -0*b. Suppose -411 = -q - r. Is q prime?
True
Suppose -14*c + 45 = -9*c. Is -3 - -1 - c*-25 a composite number?
False
Suppose 5*t - 274 = -a, 12*a - 506 = 10*a + 4*t. Is a prime?
False
Let j(p) be the first derivative of 3*p**4/2 - 7*p**3/3 - p**2/2 - 5*p + 20. Is j(5) composite?
True
Suppose -3*p + 5*i = -251, 53 = 3*p - 2*i - 204. Is p prime?
False
Let n = 24565 - 14088. Is n a prime number?
True
Is (2 + 1)*(-4795)/(-15) a prime number?
False
Let a(b) = b**2 + 6*b + 9. Let q be a(-6). Suppose y + 4*i = -18, -2*y + 0*i + i + q = 0. Suppose y*w - 357 = -w. Is w a prime number?
False
Let f be 4/(1 + 4 + -2 + -1). Let g(u) = 116*u**2 + 2*u - 1. Let c be g(1). Suppose -c = -f*x - x. Is x composite?
True
Let u = -1293 - -2674. Is u prime?
True
Suppose -5*m + 12*a - 7*a + 634680 = 0, 2*m - 4*a = 253870. Is m prime?
False
Let i be -1 + (4 - (-114 - -3)). Let n = -29 + i. Is n composite?
True
Let f be (32/(-80))/((-2)/10). Suppose h - y = -3*h + 19093, 0 = f*h + 3*y - 9557. Suppose 5*r - h = -1599. Is r prime?
False
Suppose -5*t - 43619 + 57 = -3*c, 29039 = 2*c - t. Is c a composite number?
False
Is -7 - (-4 - 6) - -698 a prime number?
True
Suppose 5 = -5*z - 5*a - 0*a, 0 = 3*a - 15. Is (-11031)/(-12) + z/24 prime?
True
Let o(c) = -14*c + 10*c - 1 - 16*c. Suppose 0 = 4*t - 6*t - 6. Is o(t) a composite number?
False
Suppose -5*u - 935 - 775 = 0. Let i = 524 + u. Suppose -v = v - i. Is v a composite number?
True
Let w(i) = i**3 + 5*i**2 + 2. Let g be w(-5). Let k(x) = 847*x - 7. Is k(g) composite?
True
Let z(b) = 9*b**2 + 89*b + 31. Is z(-46) composite?
True
Suppose 0 = 3*v - 3*u - 81, 2 = 4*u - 2. Let x = 28 - v. Suppose 205 = t - x*t. Is t composite?
True
Let r be 2/18*3*0. Let o(t) = -3*t + 309. Is o(r) prime?
False
Suppose -247 = -4*y - 99. Suppose 305 = n + 2*u, 268 = n - 2*u - y. Is n prime?
False
Let c = -2409 - -5383. Is c a composite number?
True
Let b(t) be the second derivative of -t**5/20 - t**4/6 + 2*t**3/3 - 5*t**2/2 + 3*t. Let d(g) = -5*g - 1. Let c be d(1). Is b(c) prime?
False
Suppose -v - 1 = 0, -6*x - 2*v - 2336 = -8*x. Let u = -48 + x. Is u a composite number?
True
Let j(x) = 3*x**2 + 12 - 3*x + x**2 + 1 - x. Is j(12) a composite number?
False
Let f(n) = -60*n**2 + 8*n - 6. Suppose z + 2*z = 15. Let h be f(z). Is 7/(-28) - h/8 composite?
True
Suppose b = 4*b - 9. Suppose b*r - r = -3*w - 12, -2*w = r + 9. Is (1 + 0)/(w/(-666)) composite?
True
Let u = 110 - 108. Suppose -4*f - 925 = -5*t, -u*f = -7*f - 25. Is t prime?
True
Let v be 14091/15 + (-6)/15. Suppose n = -2*n + v. Suppose -3*s + y + 635 = 0, 0 = -4*s - 3*y + n + 551. Is s a composite number?
True
Suppose -1 = g - 3. Suppose -g*n + 102 + 122 = 0. Let q = -35 + n. Is q a prime number?
False
Suppose -2*p + 135 = p. Suppose 5*z = p + 140. Is z a prime number?
True
Is -4*716/8*-1*1 a composite number?
True
Is 32/(-32)*(-3)/((-3)/(-49)) a prime number?
False
Suppose 4*t = k - 15 + 3, 10 = 4*k + 3*t. Let v be 7/(14/(-150)) + k. Let g = v + 160. Is g a composite number?
False
Let h = 95 + -67. Suppose -h*g + 26*g = -22. Suppose -6*t - 130 = -g*t. Is t prime?
False
Suppose 11728 = -l + 17*l. Is l a prime number?
True
Let p = 33285 - 17020. Is p a composite number?
True
Suppose -4*j - 2*k + 49814 = 0, 0 = j - 407*k + 410*k - 12466. Is j composite?
False
Let z be ((-147462)/70)/(1/(-25)). Suppose -3*w - 12*w + z = 0. Is w a composite number?
False
Let r(n) be the third derivative of 11*n**5/10 - n**4/4 - 7*n**3/3 - 40*n**2. Is r(6) prime?
False
Suppose 4*s - 72 = -5*v, 5*s = 4*v - 45 - 29. Suppose 466 = -v*q + 18*q. Is q a prime number?
True
Suppose 5*x = 3*x - 3*w + 76034, -2*x = -w - 76018. Is x a composite number?
False
Let z = -565 + 565. Let o be (6237 - 1)/2*2. Suppose 4*w + z*w - o = 0. Is w composite?
False
Let n = -529 - -1538. Is n a composite number?
False
Let w be 21/(-6)*(-8)/14. Suppose 3*z - 2*z = 4. Suppose w*k = z*k - 238. Is k a prime number?
False
Is (-12)/(-15)*(-6 - (-328735)/10) a composite number?
True
Is 1/6*753*22 prime?
False
Suppose -4*v - 5*g = -0*v - 82, 2*v - 3*g = 30. Suppose a + 4*a - s = v, 5*a = 3*s + 24. Suppose 45 = a*h + 2*c - 68, -h + 3*c = -45. Is h prime?
False
Let q(g) = 315*g**2 - 8*g + 15. Let f be q(5). Suppose 0 = 6*d - f + 1040. Is d a prime number?
False
Is 9/24 + 4/((-32)/(-22661)) prime?
True
Let x = -3487 - -8738. Is x prime?
False
Is 3554/((-80)/(-36) + (-4)/18) a composite number?
False
Let s be 16/(-9) - 20/90. Is 200/4 - 3 - s composite?
True
Let w = 26759 - 18096. Is w composite?
False
Let j = 2 + 2. Let r be 484/(-3)*(-798)/28. Suppose 785 = -3*i + j*n + 4246, 0 = 4*i + 3*n - r. Is i a prime number?
True
Let h(w) = -4*w**3 - 27*w**2 - 13*w + 43. Is h(-14) composite?
True
Suppose 0 = 4*s - 0*s - 1068. Let o = 920 - 316. Let l = o - s. Is l a prime number?
True
Suppose -2*s + 4*d - 12 = 0, -4*s + 22 - 7 = 5*d. Suppose s = -v + 6*v - 635. Is v a prime number?
True
Suppose -2*d - 72 + 232 = 0. Suppose -3*t + 817 = -d. Is t/7 + 2/7 prime?
True
Let x(w) be the third derivative of -1/6*w**4 + 0*w - w**3 + 1/60*w**5 + 4*w**2 + 0. Is x(11) composite?
False
Let u = 26 - 16. Let a = 12 - u. Suppose s - 57 + 247 = a*h, -4*h + 4*s = -372. Is h prime?
True
Let h = 3480 + -2365. Let p = 1582 - h. Is p prime?
True
Let z be (246/21)/(-1) + 14/(-49). Is 4*6/(-8)*25796/z a prime number?
True
Let q(f) = -f**2 + f + 2. Let p be q(2). Suppose -4*t = -4*h + 8, -3*t = 2*h - p + 1. Is ((-98)/t)/(-7 + 9) composite?
True
Let w(t) = -t**3 - 9*t**2 - 5*t - 20. Let l be w(-9). Let k = 30 - l. Suppose c + 4*h = 121, k*c + 2*h - 7*h - 730 = 0. Is c prime?
False
Suppose 3*f + 2 = -i - 20, -25 = 5*f + 4*i. Is (235 + 0)/((-9)/f) composite?
True
Let c = -6 - -191. Is c a prime number?
False
Suppose 13*q + 23480 + 2325 = 0. Let t = -1344 - q. Is t a prime number?
True
Let q(c) = 97*c - 9. Is q(6) composite?
True
Suppose 3*s - 4*l = -42, 2*l = -3*s + 3*l - 42. Let u = -17 - s. Is (-1)/(u/(1341/3)) a prime number?
True
Suppose -32805 = -5*a + 4730. Is a composite?
False
Let u = -14 + 25. Let a(i) = 14*i - 11. Is a(u) a prime number?
F